{"id":398,"date":"2026-02-06T13:16:45","date_gmt":"2026-02-06T13:16:45","guid":{"rendered":"https:\/\/mojeosobnimaserka.cz\/?page_id=398"},"modified":"2026-02-08T09:27:53","modified_gmt":"2026-02-08T09:27:53","slug":"kurzy-2","status":"publish","type":"page","link":"https:\/\/mojeosobnimaserka.cz\/?page_id=398","title":{"rendered":"KURZY"},"content":{"rendered":"<div class=\"wp-block-image\">\n<figure class=\"aligncenter size-large\"><a href=\"http:\/\/mojeosobnimaserka.cz\/wp-content\/uploads\/2026\/02\/KURZ-scaled.jpg\"><img decoding=\"async\" loading=\"lazy\" width=\"768\" height=\"1024\" src=\"http:\/\/mojeosobnimaserka.cz\/wp-content\/uploads\/2026\/02\/KURZ-768x1024.jpg\" alt=\"\" class=\"wp-image-405\" srcset=\"https:\/\/mojeosobnimaserka.cz\/wp-content\/uploads\/2026\/02\/KURZ-768x1024.jpg 768w, https:\/\/mojeosobnimaserka.cz\/wp-content\/uploads\/2026\/02\/KURZ-225x300.jpg 225w, https:\/\/mojeosobnimaserka.cz\/wp-content\/uploads\/2026\/02\/KURZ-1152x1536.jpg 1152w, https:\/\/mojeosobnimaserka.cz\/wp-content\/uploads\/2026\/02\/KURZ-1536x2048.jpg 1536w, https:\/\/mojeosobnimaserka.cz\/wp-content\/uploads\/2026\/02\/KURZ-scaled.jpg 1920w\" sizes=\"(max-width: 768px) 100vw, 768px\" \/><\/a><\/figure><\/div>\n\n\n<p><\/p>\n\n\n\n<p><\/p>\n\n\n\n<p><\/p>\n\n\n\n<p class=\"has-text-align-center\">\u2705Chcete si <strong>BEZ ZBYTE\u010cN\u00c9HO \u00daSIL\u00cd<\/strong>, a hlavn\u011b <strong>VELMI LEVN\u011a<\/strong> p\u0159ipravit <strong>INDICK\u00c9 J\u00cdDLO<\/strong> v&nbsp;pohodl\u00ed Va\u0161eho domova?<\/p>\n\n\n\n<p class=\"has-text-align-center\">\u2705 Milujete <strong>INDICK\u00c9 OM\u00c1\u010cKY<\/strong>, <strong>PLACKY<\/strong>, <strong>\u010cATN\u00dd <\/strong>nebo t\u0159eba <strong>LASS\u00cd<\/strong>?<\/p>\n\n\n\n<p class=\"has-text-align-center\">\u2705 Chcete porozum\u011bt z\u00e1klad\u016fm <strong>POU\u017d\u00cdV\u00c1N\u00cd KO\u0158EN\u00cd V&nbsp;INDICK\u00c9 KUCHYNI<\/strong>, a to hlavn\u011b ve vztahu k&nbsp;Va\u0161emu <strong>ZDRAV\u00cd<\/strong>? Jak\u00e9 ko\u0159en\u00ed p\u0159id\u00e1vat ide\u00e1ln\u011b k&nbsp;s\u00fdru, masu, r\u00fd\u017ei, lu\u0161t\u011bnin\u00e1m \u010di obilovin\u00e1m, aby pro V\u00e1s byly v\u0161echny tyto a dal\u0161\u00ed potraviny straviteln\u011bj\u0161\u00ed a Vy jste se d\u00edky tomu c\u00edtili skv\u011ble nejen b\u011bhem j\u00eddla, ale i po n\u011bm?<\/p>\n\n\n\n<p class=\"has-text-align-center\">\u2705 Jak si snadno a \u00fasp\u011b\u0161n\u011b (bez p\u0159ip\u00e1len\u00ed) p\u0159iprav\u00edte <strong>GH\u00cd<\/strong> (v\u016fbec nejzdrav\u011bj\u0161\u00ed tuk pro p\u0159\u00edpravu jak\u00fdchkoliv pokrm\u016f, nejen indick\u00e9 kuchyn\u011b)?<\/p>\n\n\n\n<p class=\"has-text-align-center\">\u2705 Zn\u00e1te a um\u00edte pou\u017e\u00edt nap\u0159\u00edklad <strong>AD\u017dVAJEN<\/strong>, <strong>AMCHUR<\/strong> nebo <strong>D\u017d\u00cdRU<\/strong>?<\/p>\n\n\n\n<p class=\"has-text-align-center\">\u2705 V\u00edte, co v\u0161echno by m\u011bl obsahovat typick\u00fd <strong>INDICK\u00dd TAL\u00cd\u0158<\/strong> (tzv. <strong>THAL<\/strong>)?<\/p>\n\n\n\n<p class=\"has-text-align-center\">\u2705 Tu\u0161\u00edte, jak p\u0159ipravit <strong>\u010cONK<\/strong>?<\/p>\n\n\n\n<p><\/p>\n\n\n\n<p><\/p>\n\n\n\n<p><\/p>\n\n\n\n<p><\/p>\n\n\n\n<p><\/p>\n\n\n\n<p><\/p>\n\n\n\n<p class=\"has-text-align-center\">Cena kurzu:  <strong>1400 <\/strong>K\u010d (p\u0159i po\u010dtu 3-5 osob)<\/p>\n\n\n\n<p class=\"has-text-align-center\">Maxim\u00e1ln\u00ed po\u010det \u00fa\u010dastn\u00edk\u016f: <strong>5<\/strong><\/p>\n\n\n\n<p class=\"has-text-align-center\">Minim\u00e1ln\u00ed po\u010det \u00fa\u010dastn\u00edk\u016f:<strong> 1<\/strong> (cena <strong>2 200<\/strong> K\u010d), <strong>2 <\/strong>(cena <strong>1700<\/strong> K\u010d\/osoba)<\/p>\n\n\n\n<p class=\"has-text-align-center\">M\u00edsto kon\u00e1n\u00ed: <strong>Praha 6<\/strong> (v bl\u00edzkosti metra, bus i tram)<\/p>\n\n\n\n<p class=\"has-text-align-center\">D\u00e9lka trv\u00e1n\u00ed: cca <strong>4 hodiny<\/strong><\/p>\n\n\n\n<p><\/p>\n\n\n\n<p><\/p>\n\n\n\n<p><\/p>\n","protected":false},"excerpt":{"rendered":"<p>\u2705Chcete si BEZ ZBYTE\u010cN\u00c9HO \u00daSIL\u00cd, a hlavn\u011b VELMI LEVN\u011a p\u0159ipravit INDICK\u00c9 J\u00cdDLO v&nbsp;pohodl\u00ed Va\u0161eho domova? \u2705 Milujete INDICK\u00c9 OM\u00c1\u010cKY, PLACKY, \u010cATN\u00dd nebo t\u0159eba LASS\u00cd? \u2705 Chcete porozum\u011bt z\u00e1klad\u016fm POU\u017d\u00cdV\u00c1N\u00cd KO\u0158EN\u00cd V&nbsp;INDICK\u00c9 KUCHYNI, a to&#46;&#46;&#46;<\/p>\n","protected":false},"author":1,"featured_media":405,"parent":0,"menu_order":0,"comment_status":"closed","ping_status":"closed","template":"","meta":[],"_links":{"self":[{"href":"https:\/\/mojeosobnimaserka.cz\/index.php?rest_route=\/wp\/v2\/pages\/398"}],"collection":[{"href":"https:\/\/mojeosobnimaserka.cz\/index.php?rest_route=\/wp\/v2\/pages"}],"about":[{"href":"https:\/\/mojeosobnimaserka.cz\/index.php?rest_route=\/wp\/v2\/types\/page"}],"author":[{"embeddable":true,"href":"https:\/\/mojeosobnimaserka.cz\/index.php?rest_route=\/wp\/v2\/users\/1"}],"replies":[{"embeddable":true,"href":"https:\/\/mojeosobnimaserka.cz\/index.php?rest_route=%2Fwp%2Fv2%2Fcomments&post=398"}],"version-history":[{"count":12,"href":"https:\/\/mojeosobnimaserka.cz\/index.php?rest_route=\/wp\/v2\/pages\/398\/revisions"}],"predecessor-version":[{"id":423,"href":"https:\/\/mojeosobnimaserka.cz\/index.php?rest_route=\/wp\/v2\/pages\/398\/revisions\/423"}],"wp:featuredmedia":[{"embeddable":true,"href":"https:\/\/mojeosobnimaserka.cz\/index.php?rest_route=\/wp\/v2\/media\/405"}],"wp:attachment":[{"href":"https:\/\/mojeosobnimaserka.cz\/index.php?rest_route=%2Fwp%2Fv2%2Fmedia&parent=398"}],"curies":[{"name":"wp","href":"https:\/\/api.w.org\/{rel}","templated":true}]}}